{"id":1572,"date":"2024-04-08T20:47:12","date_gmt":"2024-04-08T20:47:12","guid":{"rendered":"https:\/\/querciahouses.com\/?post_type=viana-do-castelo&#038;p=1572"},"modified":"2024-05-27T16:17:02","modified_gmt":"2024-05-27T16:17:02","slug":"museu-do-traje","status":"publish","type":"viana-do-castelo","link":"https:\/\/querciahouses.com\/pt\/visit-viana-do-castelo\/costume-museum\/","title":{"rendered":"Museu do Traje"},"content":{"rendered":"<h2 class=\"wp-block-heading\">O encanto da tradi\u00e7\u00e3o minhota<\/h2>\n\n\n\n<h3 class=\"wp-block-heading\">Descubra a riqueza cultural do Museu do Traje<\/h3>\n\n\n\n<p>Tesouro cultural situado no centro hist\u00f3rico da cidade, integra a Rede Portuguesa de Museus desde 2004. Dedica-se \u00e0 preserva\u00e7\u00e3o das tradi\u00e7\u00f5es etnogr\u00e1ficas da regi\u00e3o. Aqui, cada pe\u00e7a de roupa conta uma hist\u00f3ria e cada bordado transporta s\u00e9culos de mem\u00f3rias.<\/p>\n\n\n\n<h3 class=\"wp-block-heading\">Traje \u00e0 Vianesa<\/h3>\n\n\n\n<h4 class=\"wp-block-heading\">Um arco-\u00edris de cores e texturas<\/h4>\n\n\n\n<p>O museu alberga cerca de 900 pe\u00e7as, com destaque para os trajes minhotos.<\/p>\n\n\n\n<p>Os trajes vianeses s\u00e3o verdadeiras obras de arte t\u00eaxtil, com bordados intrincados e cores vibrantes.<\/p>\n\n\n\n<h4 class=\"wp-block-heading\">Exposi\u00e7\u00e3o permanente<\/h4>\n\n\n\n<p>A l\u00e3 e o linho no traje do Alto Minho<\/p>\n\n\n\n<p>Explore a influ\u00eancia da l\u00e3 e do linho no vestu\u00e1rio tradicional e descubra como estas fibras naturais moldaram a identidade cultural da regi\u00e3o.<\/p>\n\n\n\n<h4 class=\"wp-block-heading\">Espa\u00e7o para exposi\u00e7\u00f5es tempor\u00e1rias<\/h4>\n\n\n\n<p>Para al\u00e9m da cole\u00e7\u00e3o permanente, o museu possui <strong>exposi\u00e7\u00f5es tempor\u00e1rias<\/strong> com uma variedade de temas. Estas exposi\u00e7\u00f5es oferecem uma vis\u00e3o mais alargada da cultura popular e das tradi\u00e7\u00f5es locais.<\/p>\n\n\n\n<h4 class=\"wp-block-heading\">Visitar o museu do traje<\/h4>\n\n\n\n<p>O museu est\u00e1 instalado num edif\u00edcio constru\u00eddo entre 1954 e 1958, com caracter\u00edsticas arquitect\u00f3nicas do per\u00edodo do \"Estado Novo\".<\/p>\n\n\n\n<h4 class=\"wp-block-heading\">Uma viagem pelo passado e pela criatividade<\/h4>\n\n\n\n<p>O Museu do Traje \u00e9 mais do que um espa\u00e7o de exposi\u00e7\u00e3o: \u00e9 um portal para a alma do Alto Minho. Venha descobrir os segredos das agulhas e dos fios que teceram a nossa hist\u00f3ria.<\/p>\n\n\n\n<p><\/p>","protected":false},"excerpt":{"rendered":"<p>The charm of minho tradition Discover the cultural wealth of the Costume Museum A cultural treasure located in the city&#8217;s historic center, it has been part of the Portuguese Museum Network since 2004. It is dedicated to preserving the region&#8217;s ethnographic traditions. Here, each piece of clothing tells a story,<\/p>","protected":false},"featured_media":2089,"template":"","activities":[13],"activity-tag":[],"class_list":["post-1572","viana-do-castelo","type-viana-do-castelo","status-publish","has-post-thumbnail","hentry","activities-monuments","generate-columns","tablet-grid-50","mobile-grid-100","grid-parent","grid-33"],"acf":[],"_links":{"self":[{"href":"https:\/\/querciahouses.com\/pt\/wp-json\/wp\/v2\/viana-do-castelo\/1572","targetHints":{"allow":["GET"]}}],"collection":[{"href":"https:\/\/querciahouses.com\/pt\/wp-json\/wp\/v2\/viana-do-castelo"}],"about":[{"href":"https:\/\/querciahouses.com\/pt\/wp-json\/wp\/v2\/types\/viana-do-castelo"}],"wp:featuredmedia":[{"embeddable":true,"href":"https:\/\/querciahouses.com\/pt\/wp-json\/wp\/v2\/media\/2089"}],"wp:attachment":[{"href":"https:\/\/querciahouses.com\/pt\/wp-json\/wp\/v2\/media?parent=1572"}],"wp:term":[{"taxonomy":"activities","embeddable":true,"href":"https:\/\/querciahouses.com\/pt\/wp-json\/wp\/v2\/activities?post=1572"},{"taxonomy":"activity-tag","embeddable":true,"href":"https:\/\/querciahouses.com\/pt\/wp-json\/wp\/v2\/activity-tag?post=1572"}],"curies":[{"name":"wp","href":"https:\/\/api.w.org\/{rel}","templated":true}]}}

<h2 class="wp-block-heading">O encanto da tradição minhota</h2>



<h3 class="wp-block-heading">Descubra a riqueza cultural do Museu do Traje</h3>



<p>Tesouro cultural situado no centro histórico da cidade, integra a Rede Portuguesa de Museus desde 2004. Dedica-se à preservação das tradições etnográficas da região. Aqui, cada peça de roupa conta uma história e cada bordado transporta séculos de memórias.</p>



<h3 class="wp-block-heading">Traje à Vianesa</h3>



<h4 class="wp-block-heading">Um arco-íris de cores e texturas</h4>



<p>O museu alberga cerca de 900 peças, com destaque para os trajes minhotos.</p>



<p>Os trajes vianeses são verdadeiras obras de arte têxtil, com bordados intrincados e cores vibrantes.</p>



<h4 class="wp-block-heading">Exposição permanente</h4>



<p>A lã e o linho no traje do Alto Minho</p>



<p>Explore a influência da lã e do linho no vestuário tradicional e descubra como estas fibras naturais moldaram a identidade cultural da região.</p>



<h4 class="wp-block-heading">Espaço para exposições temporárias</h4>



<p>Para além da coleção permanente, o museu possui <strong>exposições temporárias</strong> com uma variedade de temas. Estas exposições oferecem uma visão mais alargada da cultura popular e das tradições locais.</p>



<h4 class="wp-block-heading">Visitar o museu do traje</h4>



<p>O museu está instalado num edifício construído entre 1954 e 1958, com características arquitectónicas do período do "Estado Novo".</p>



<h4 class="wp-block-heading">Uma viagem pelo passado e pela criatividade</h4>



<p>O Museu do Traje é mais do que um espaço de exposição: é um portal para a alma do Alto Minho. Venha descobrir os segredos das agulhas e dos fios que teceram a nossa história.</p>



<p></p>
